2510
In base 9, what is 27 + 5232?
5260
In base 10, what is -9697 - -132?
-9565
In base 15, what is -3 - 3658?
-365b
In base 5, what is 40 - -14000?
14040
In base 11, what is 5 + -25546?
-25541
In base 14, what is -390ac + 8?
-390a4
In base 3, what is -101000 + -2220?
-110220
In base 9, what is -17382 + 8?
-17373
In base 10, what is -249533 - -1?
-249532
In base 13, what is 2ac + 129a?
1579
In base 10, what is 4 + -533181?
-533177
In base 3, what is 22210020 - 102?
22202211
In base 3, what is -202001012 + 2?
-202001010
In base 16, what is -a - 4f9c4?
-4f9ce
In base 9, what is 210410 - 4?
210405
In base 3, what is 1121001 + 102?
1121110
In base 5, what is -110 - 4300?
-4410
In base 2, what is -100 + -10110010011001001?
-10110010011001101
In base 3, what is 1001010202 - -22?
1001011001
In base 10, what is 25 - 153976?
-153951
In base 12, what is 22b8124 + 5?
22b8129
In base 9, what is -1 - -108374?
108373
In base 7, what is 10 + 1300012?
1300022
In base 4, what is 23 - -11122?
11211
In base 13, what is -72 + -12?
-84
In base 3, what is 110 - 10111211?
-10111101
In base 15, what is -643d6 - -c?
-643c9
In base 7, what is 3226 - 11?
3215
In base 6, what is -1330420 - -2?
-1330414
In base 10, what is 7 - 30?
-23
In base 7, what is -42 + -460256?
-460331
In base 12, what is 45a02 + -3?
459bb
In base 4, what is 10 - 100222?
-100212
In base 3, what is -121101012 + 12?
-121101000
In base 3, what is -1000 - 111221?
-112221
In base 3, what is -2 + -1120000210210?
-1120000210212
In base 5, what is 4310234 + -10?
4310224
In base 16, what is 529 - -12b?
654
In base 6, what is 1 + 5533021?
5533022
In base 15, what is -14e + 6b?
-d3
In base 8, what is -30602 + -3?
-30605
In base 9, what is 10788 + -8?
10780
In base 10, what is 2 + -397205?
-397203
In base 7, what is 4 - -2205430?
2205434
In base 4, what is -203 - 1110202?
-1111011
In base 4, what is 112012131 - -130?
112012321
In base 10, what is 10020 - -36?
10056
In base 14, what is -8 - b9a?
-ba4
In base 11, what is 7 - 885a?
-8853
In base 6, what is 215411 + -315?
215052
In base 13, what is 3599 + b?
35a7
In base 2, what is -1011011000110 - -11001110?
-1010111111000
In base 15, what is -324 - 4e3?
-817
In base 13, what is 9 - -3903b?
39047
In base 2, what is 10000 + -100001011111111010?
-100001011111101010
In base 13, what is -8935 + -3?
-8938
In base 10, what is 12 + 2057?
2069
In base 10, what is -5415 + 157?
-5258
In base 4, what is -3 + -1123011?
-1123020
In base 2, what is -111 + -1111110111011101010?
-1111110111011110001
In base 15, what is -ea - -286e?
2774
In base 15, what is -197 - 465?
-60c
In base 11, what is -6 + -570?
-576
In base 4, what is -2 - -3122200320?
3122200312
In base 15, what is -3 + 147d5e?
147d5b
In base 8, what is 12 + -13532?
-13520
In base 16, what is -10 + -b80?
-b90
In base 3, what is 2 + 200011210210?
200011210212
In base 10, what is 53 + -3601?
-3548
In base 4, what is -3111122 - 0?
-3111122
In base 16, what is 2023 - 3?
2020
In base 2, what is -10101001010001 + -1000000?
-10101010010001
In base 16, what is 2 + -a086?
-a084
In base 15, what is 82 + -2e56?
-2dc4
In base 4, what is 0 - -22001?
22001
In base 9, what is 17642 + 4?
17646
In base 8, what is -1334202 + 2?
-1334200
In base 10, what is 43 - 255?
-212
In base 3, what is -112211201122 - -2?
-112211201120
In base 8, what is 2030361 + 3?
2030364
In base 9, what is 10 - -11376?
11386
In base 9, what is -10 + -5875?
-5885
In base 3, what is 11112111000 - -11?
11112111011
In base 14, what is -48752 + -1?
-48753
In base 7, what is 61 - -3416?
3510
In base 13, what is -5a - 87?
-114
In base 2, what is -1011 + 1101100111000111111?
1101100111000110100
In base 11, what is -315aaa + 0?
-315aaa
In base 13, what is -420925 - -5?
-420920
In base 13, what is -c391a4 + -5?
-c391a9
In base 10, what is 204 + 4921?
5125
In base 9, what is -28 + -37156?
-37185
In base 10, what is 0 - -1424?
1424
In base 2, what is 11001000 - -10010001011?
10101010011
In base 2, what is -100000111100 - -11010?
-100000100010
In base 2, what is -1100 + 111011101?
111010001
In base 10, what is -108838 + -5?
-108843
In base 14, what is d9bb3 + -3?
d9bb0
In base 12, what is 577 + a?
585
In base 11, what is 10 - 92397?
-92387
In base 6, what is 1 - -52133?
52134
In base 10, what is 528 + -324?
204
In base 13, what is 30 - 35b3?
-3583
In base 15, what is 11279 + -c?
1126c
In base 12, what is 5 + -64a1b?
-64a16
In base 3, what is 1212222 + 222?
1220221
In base 9, what is -45224 - 1?
-45225
In base 5, what is -1002202 - 30?
-1002232
In base 14, what is -20686 - 3?
-20689
In base 2, what is -1110000011000 - 1000?
-1110000100000
In base 9, what is 2723 + 11?
2734
In base 10, what is -4255 + -268?
-4523
In base 14, what is -13470 + 2?
-1346c
In base 8, what is 0 - -22654?
22654
In base 3, what is 211111 + 21211200?
22200011
In base 4, what is -231003013 + 2?
-231003011
In base 8, what is -1 - -1723?
1722
In base 11, what is -4 + -542093?
-542097
In base 12, what is -a957 + -4?
-a95b
In base 6, what is 0 - 131554?
-131554
In base 7, what is -45 + -353612?
-353660
In base 6, what is 3453 - 1505?
1544
In base 8, what is 232707 + 2?
232711
In base 10, what is -606 + 66?
-540
In base 8, what is 1542 - -1160?
2722
In base 5, what is -4314 - 321?
-10140
In base 8, what is 22 + -15171?
-15147
In base 2, what is -100010000000101111101100 + 1?
-100010000000101111101011
In base 3, what is 2211120012000 + 0?
2211120012000
In base 12, what is -5 - -6a6?
6a1
In base 14, what is -1a15 + -11?
-1a26
In base 8, what is -15 + -314166?
-314203
In base 16, what is -d + -7080?
-708d
In base 14, what is 48 + -2623?
-25b9
In base 8, what is -3527 + -312?
-4041
In base 9, what is 610 - -173?
783
In base 13, what is 127 - -36b?
495
In base 4, what is -322223 + -2103?
-330332
In base 9, what is 2 - -1256827?
1256830
In base 4, what is -2112222011 + -2?
-2112222013
In base 11, what is -1 - 7505?
-7506
In base 7, what is -13020304 - 1?
-13020305
In base 3, what is 20 - -1011002211122?
1011002211212
In base 13, what is 7a79a + -4?
7a796
In base 3, what is 10011121 + -1211?
10002210
In base 16, what is -9 + -1ab?
-1b4
In base 8, what is -1 + 52256?
52255
In base 6, what is 414510 + -1?
414505
In base 12, what is 4 + 290717?
29071b
In base 9, what is -4 - 110476?
-110481
In base 15, what is 31b - 87?
284
In base 4, what is -33 + -1110031?
-1110130
In base 14, what is -278c38 - 1?
-278c39
In base 6, what is -12 - -10534253?
10534241
In base 9, what is 5 - 35501?
-35485
In base 9, what is 2 - 577536?
-577534
In base 14, what is c + 4201?
420d
In base 6, what is -2234 - -231?
-2003
In base 16, what is 42c + 73?
49f
In base 5, what is 1 + 1100212?
1100213
In base 5, what is 120 + -11232024?
-11231404
In base 6, what is 351030 - 12?
351014
In base 4, what is -21 + 122220321?
122220300
In base 14, what is -52 + -26a?
-2bc
In base 6, what is 22150 + -10?
22140
In base 5, what is -344 + -10211?
-11110
In base 9, what is 86887 + 1?
86888
In base 4, what is -13202 + -12213?
-32021
In base 5, what is 2244233 - 4?
2244224
In base 5, what is -102 + 30033?
24431
In base 12, what is -10 - -a01?
9b1
In base 9, what is 404 + -57?
336
In base 8, what is 22446 + 44?
22512
In base 14, what is 3067ab - 0?
3067ab
In base 6, what is -450454 + -2?
-450500
In base 7, what is 22 + 56505?
56530
In base 13, what is -208 + 115?
-c3
In base 10, what is 7704 - 0?
7704
In base 5, what is 0 - 120221103?
-120221103
In base 9, what is -6414460 - 2?
-6414462
In base 16, what is -12e5 - -2c?
-12b9
In base 11, what is -19 - -911?
8a3
In base 13, what is -144 + -36?
-17a
In base 15, what is bb + -177?
-ab
In base 16, what is 4 + 28904?
28908
In base 12, what is -b1b0 + -30?
-b220
In base 8, what is -615 - -2317?
1502
In base 9, what is 4612 - 344?
4257
In base 7, what is -354 + 4?
-350
In base 15, what is -1 + -27e?
-280
In base 7, what is -3 - 43552?
-43555
In base 14, what is -117 + -56?
-16d
In base 13, what is -1742 - -1c?
-1723
In base 7, what is 1463 - 405?
1055
In base 9, what is -11158 + -687?
-11856
In base 16, what is -48 + 2f36?
2eee
In base 11, what is -6 - -2862?
2857
In base 2, what is 1 + 100100001110?
100100001111
In base 15, what is 1d0 - -13?
1e3
In base 2, what is -101010101100100 + -10?
-101010101100110
In base 